{"id":116,"date":"2018-01-09T05:51:20","date_gmt":"2018-01-09T05:51:20","guid":{"rendered":"https:\/\/demo.axlethemes.com\/education-mind-pro\/?page_id=116"},"modified":"2026-03-26T20:56:03","modified_gmt":"2026-03-26T19:56:03","slug":"trivseldagar","status":"publish","type":"page","link":"https:\/\/www.ostrahage.se\/index.php\/trivseldagar\/","title":{"rendered":"Trivseldagar"},"content":{"rendered":"\n<p>Normalt genomf\u00f6rs tv\u00e5 trivsel\/arbetsdagar per \u00e5r, en p\u00e5 v\u00e5ren i mitten\/ slutet av maj och en p\u00e5 h\u00f6sten i mitten av september.<\/p>\n\n\n\n<p>V\u00e5rens arbets\/trivseldag 2026 kommer att h\u00e5llas l\u00f6rdagen den 23 maj med start kl 10.00<\/p>\n\n\n\n<p>Samling vid Eken p\u00e5 gr\u00f6nomr\u00e5det<\/p>\n","protected":false},"excerpt":{"rendered":"<p>Normalt genomf\u00f6rs tv\u00e5 trivsel\/arbetsdagar per \u00e5r, en p\u00e5 v\u00e5ren i mitten\/ slutet av maj och en p\u00e5 h\u00f6sten i mitten av september. V\u00e5rens arbets\/trivseldag 2026 kommer att h\u00e5llas l\u00f6rdagen den 23 maj med start kl 10.00 Samling vid Eken p\u00e5&hellip;&nbsp;<a href=\"https:\/\/www.ostrahage.se\/index.php\/trivseldagar\/\" class=\"more-link\">Read More<\/a><\/p>\n","protected":false},"author":1,"featured_media":0,"parent":0,"menu_order":0,"comment_status":"closed","ping_status":"closed","template":"","meta":{"footnotes":""},"_links":{"self":[{"href":"https:\/\/www.ostrahage.se\/index.php\/wp-json\/wp\/v2\/pages\/116"}],"collection":[{"href":"https:\/\/www.ostrahage.se\/index.php\/wp-json\/wp\/v2\/pages"}],"about":[{"href":"https:\/\/www.ostrahage.se\/index.php\/wp-json\/wp\/v2\/types\/page"}],"author":[{"embeddable":true,"href":"https:\/\/www.ostrahage.se\/index.php\/wp-json\/wp\/v2\/users\/1"}],"replies":[{"embeddable":true,"href":"https:\/\/www.ostrahage.se\/index.php\/wp-json\/wp\/v2\/comments?post=116"}],"version-history":[{"count":41,"href":"https:\/\/www.ostrahage.se\/index.php\/wp-json\/wp\/v2\/pages\/116\/revisions"}],"predecessor-version":[{"id":3251,"href":"https:\/\/www.ostrahage.se\/index.php\/wp-json\/wp\/v2\/pages\/116\/revisions\/3251"}],"wp:attachment":[{"href":"https:\/\/www.ostrahage.se\/index.php\/wp-json\/wp\/v2\/media?parent=116"}],"curies":[{"name":"wp","href":"https:\/\/api.w.org\/{rel}","templated":true}]}}