{"id":2760,"date":"2024-04-27T18:10:03","date_gmt":"2024-04-27T16:10:03","guid":{"rendered":"https:\/\/www.ostrahage.se\/?page_id=2760"},"modified":"2025-11-28T11:46:47","modified_gmt":"2025-11-28T10:46:47","slug":"kartor","status":"publish","type":"page","link":"https:\/\/www.ostrahage.se\/index.php\/kartor\/","title":{"rendered":"Kartor"},"content":{"rendered":"\n<p><strong>Omr\u00e5deskarta<\/strong><br><a href=\"https:\/\/media1.ostrahage.se\/2023\/02\/230101-Omradeskarta-med-vagnamn.jpg\">Omr\u00e5deskarta med  fastighetsbeteckning,  v\u00e4gnamn o nr<\/a><br><a href=\"https:\/\/www.ostrahage.se\/wp-content\/uploads\/2025\/11\/251128-Omradeskarta-med-parkslide.pdf\">Omr\u00e5deskarta med inritade omr\u00e5den med <strong>parkslide<\/strong><\/a><\/p>\n\n\n\n<p><strong>GA2\/3 V\u00e4gar (GA2), dagvattenledningar (GA3)<\/strong><br><a href=\"https:\/\/www.ostrahage.se\/wp-content\/uploads\/2018\/03\/Lantm\u00e4terikarta-GA2-3.pdf\">Lantm\u00e4terikarta GA2\/3<\/a>  (inkl tomtgr\u00e4nser och tomtpinnar)<\/p>\n\n\n\n<p><strong>Kommunalt V\/A GA10 och GA17 gemensamt<\/strong><br>\u00d6versikt\/f\u00f6rteckning med h\u00e4nvisning till kartnummer identifierade sevicer GA10 och GA17 samt avst\u00e4ngningskranar sommarvatten&nbsp;<a href=\"https:\/\/media1.ostrahage.se\/2022\/10\/220908-Inventering-VA-och-Sommarvatten.pdf\">F\u00f6rteckning<\/a><br>Detaljerade kartor alla fastigheter med utm\u00e4rkta servicer och sommarvattenkranar&nbsp;<a href=\"https:\/\/media1.ostrahage.se\/2022\/11\/221111-Kartor-med-utmarkta-servicer-och-sommarvattenkranar.pdf\">Kartor<\/a><\/p>\n\n\n\n<p><strong>GA10 Kommunalt V\/A<\/strong><br><a href=\"https:\/\/media1.ostrahage.se\/2018\/03\/Lantm%C3%A4terikarta-GA10.pdf\">Lantm\u00e4terikarta GA10<\/a><\/p>\n\n\n\n<p><strong>GA17 Kommunalt V\/A<\/strong><br><a href=\"https:\/\/media1.ostrahage.se\/2018\/03\/Lantm%C3%A4terikarta-GA17.pdf\">Lantm\u00e4terikarta GA17<\/a><br><a href=\"https:\/\/media1.ostrahage.se\/2018\/03\/Lantm%C3%A4terikarta-GA17-till%C3%A4gg.pdf\">Lantm\u00e4terikarta GA17 till\u00e4gg<\/a><br><a href=\"https:\/\/media1.ostrahage.se\/2018\/05\/GA17-Karta-1-med-anslutningspunkter.pdf\">GA17 Karta 1 med anslutningspunkter<\/a><br><a href=\"https:\/\/media1.ostrahage.se\/2018\/05\/GA17-Karta-2-med-anslutningspunkter.pdf\">GA17 Karta 2 med anslutningspunkter<\/a><\/p>\n\n\n\n<p><strong>GA18 Fiberoptik f\u00f6r Stadsn\u00e4tet<\/strong><br><a href=\"https:\/\/media1.ostrahage.se\/2018\/03\/Lantm%C3%A4terikarta-GA18.pdf\">Lantm\u00e4terikarta GA18<\/a><br><a href=\"https:\/\/www.ostrahage.se\/wp-content\/uploads\/2024\/05\/Ostra-hage-GA18-rev1_-240516.pdf\">GA18 EEM Karta inkl privata ledningar<\/a><br><a href=\"https:\/\/www.ostrahage.se\/wp-content\/uploads\/2024\/12\/Ostra-Hage-GA18-Fiber-2024-12-19.pdf\">GA18 EEM Karta inf\u00f6r \u00f6vertagande<\/a><\/p>\n\n\n\n<p><\/p>\n\n\n\n<p><\/p>\n","protected":false},"excerpt":{"rendered":"<p>Omr\u00e5deskartaOmr\u00e5deskarta med fastighetsbeteckning, v\u00e4gnamn o nrOmr\u00e5deskarta med inritade omr\u00e5den med parkslide GA2\/3 V\u00e4gar (GA2), dagvattenledningar (GA3)Lantm\u00e4terikarta GA2\/3 (inkl tomtgr\u00e4nser och tomtpinnar) Kommunalt V\/A GA10 och GA17 gemensamt\u00d6versikt\/f\u00f6rteckning med h\u00e4nvisning till kartnummer identifierade sevicer GA10 och GA17 samt avst\u00e4ngningskranar sommarvatten&nbsp;F\u00f6rteckningDetaljerade kartor&hellip;&nbsp;<a href=\"https:\/\/www.ostrahage.se\/index.php\/kartor\/\" class=\"more-link\">Read More<\/a><\/p>\n","protected":false},"author":2,"featured_media":0,"parent":0,"menu_order":0,"comment_status":"closed","ping_status":"closed","template":"","meta":{"footnotes":""},"_links":{"self":[{"href":"https:\/\/www.ostrahage.se\/index.php\/wp-json\/wp\/v2\/pages\/2760"}],"collection":[{"href":"https:\/\/www.ostrahage.se\/index.php\/wp-json\/wp\/v2\/pages"}],"about":[{"href":"https:\/\/www.ostrahage.se\/index.php\/wp-json\/wp\/v2\/types\/page"}],"author":[{"embeddable":true,"href":"https:\/\/www.ostrahage.se\/index.php\/wp-json\/wp\/v2\/users\/2"}],"replies":[{"embeddable":true,"href":"https:\/\/www.ostrahage.se\/index.php\/wp-json\/wp\/v2\/comments?post=2760"}],"version-history":[{"count":19,"href":"https:\/\/www.ostrahage.se\/index.php\/wp-json\/wp\/v2\/pages\/2760\/revisions"}],"predecessor-version":[{"id":3196,"href":"https:\/\/www.ostrahage.se\/index.php\/wp-json\/wp\/v2\/pages\/2760\/revisions\/3196"}],"wp:attachment":[{"href":"https:\/\/www.ostrahage.se\/index.php\/wp-json\/wp\/v2\/media?parent=2760"}],"curies":[{"name":"wp","href":"https:\/\/api.w.org\/{rel}","templated":true}]}}