{"id":384,"date":"2018-01-09T05:52:00","date_gmt":"2018-01-09T05:52:00","guid":{"rendered":"https:\/\/demo.axlethemes.com\/education-mind-pro\/?page_id=117"},"modified":"2025-08-07T16:01:34","modified_gmt":"2025-08-07T14:01:34","slug":"lantanlaggningar","status":"publish","type":"page","link":"https:\/\/www.ostrahage.se\/index.php\/lantanlaggningar\/","title":{"rendered":"V\u00e5ra gemensamhetsanl\u00e4ggningar"},"content":{"rendered":"<p>F\u00f6reningens fyra gemensamhetsanl\u00e4ggningar \u00e4r:<\/p>\n<p>\u2013 GA2, V\u00e4gar och g\u00e5ngstig (Ostra Hagv\u00e4gen och S\u00f6dra Hagv\u00e4gen samt g\u00e5ngstigen som f\u00f6rbinder dem)<br \/>\n\u2013 GA3, Gr\u00f6nomr\u00e5de, Sommarvatten \u00a0samt Stamledningar f\u00f6r dagvatten<br \/>\n\u2013 GA10, Kommunalt vatten och avlopp<br \/>\n\u2013 GA17, Kommunalt vatten och avlopp<\/p>\n<p>F\u00f6reningens tidigare gemensamhetsanl\u00e4ggning GA18 (Fiberoptik f\u00f6r stadsn\u00e4tet) \u00e4r nu s\u00e5ld till EEM och ledningsr\u00e4tten \u00e4r enligt beslut av Lantm\u00e4terimyndigheten \u00f6verf\u00f6rd till EEM.<br \/>\nOm du inte \u00e4r ansluten men vill ansluta dig till stadsn\u00e4tet ringer du EEM kundtj\u00e4nst p\u00e5 tel. 016-106060 eller mailar till kundservice@eem.se<\/p>\n<p>Allra l\u00e4ngst ner p\u00e5 denna sida \u00e5terfinns Lantm\u00e4terimyndighetens anl\u00e4ggningsbeslut f\u00f6r v\u00e5ra gemensamhetsanl\u00e4ggningar och under denna l\u00e4nk finns kartor avseende v\u00e5ra anl\u00e4ggningar <strong><a href=\"https:\/\/www.ostrahage.se\/index.php\/kartor\/\">L\u00e4nk<\/a><\/strong><\/p>\n<h3><strong>Beskrivning av v\u00e5ra anl\u00e4ggningar inklusive rutiner och regler<\/strong><\/h3>\n<p><strong>Kommunalt Vatten och avlopp (GA10 och GA17)<\/strong><\/p>\n<p>F\u00f6reningen har fyra stamledningar f\u00f6r vatten och avlopp som alla ansluter till kommunens ledningsn\u00e4t f\u00f6r vatten och avlopp.<\/p>\n<p>Tre av ledningarna utg\u00f6r tillsammans GA17 och den fj\u00e4rde utg\u00f6r GA10.<\/p>\n<p class=\"xmsonormal\">Om din fastighet har andel i GA10 eller GA17 och du vill ansluta dig m\u00e5ste du innan du g\u00f6r det<br \/>\n1.\u00a0\u00a0\u00a0\u00a0I god tid informera och samr\u00e5da med f\u00f6reningens ansvarige. Vem som \u00e4r ansvarig framg\u00e5r p\u00e5 hemsidan under fliken \u201dKontakta oss\u201d samt av kontaktinformationen p\u00e5 anslagstavlorna i omr\u00e5det<br \/>\n2.\u00a0\u00a0\u00a0\u00a0K\u00f6pa och installera en vattenm\u00e4tare. Denna k\u00f6per du hos auktoriserad VVS-handlare.<br \/>\n3.\u00a0\u00a0\u00a0\u00a0Noggrant kontrollera att fastighetens avlopp kopplas till avloppsstammen och inte till dagvattenstammen. Det kan finnas tv\u00e5 r\u00f6r som ser likadana ut framdragna till servicen. Ta hj\u00e4lp av f\u00f6reningens VA-ansvarige f\u00f6r att s\u00e4kra att inkopplingen g\u00f6rs till r\u00e4tt r\u00f6r.<\/p>\n<p class=\"xmsonormal\">F\u00f6reningen kommer att anm\u00e4la inkopplingen till Eskilstuna Energi och milj\u00f6. Detta \u00e4r f\u00f6reningen skyldig att g\u00f6ra enlig g\u00e4llande avtal.<\/p>\n<p class=\"xmsonormal\">Eskilstuna Energi och milj\u00f6 tar ut en avgift f\u00f6r anslutningen. Avgiften betalas av respektive fastighets\u00e4gare.<\/p>\n<p class=\"xmsonormal\">Innan du b\u00f6rjar anv\u00e4nda det kommunala vattnet ska m\u00e4taren avl\u00e4sas av f\u00f6reningens ansvarige enligt ovan.<\/p>\n<p class=\"xmsonormal\">Inkoppling f\u00e5r endast g\u00f6ras av person med dokumenterad kompetens och beh\u00f6righet f\u00f6r inkoppling av kommunalt V\/A.\u00a0 Anlita fackman, dvs. auktoriserad VVS-firma eller motsvarande f\u00f6r arbetet s\u00e5 att anslutningar och ledningar inte skadas. Eventuella skador som uppst\u00e5r p\u00e5 f\u00f6reningens ledningar vid inkopplingen ers\u00e4tts av fastighets\u00e4garen.<\/p>\n<p>F\u00f6reningen debiterar respektive fastighets\u00e4gare f\u00f6r f\u00f6rbrukad vattenm\u00e4ngd. M\u00e4tarst\u00e4llningen ska avl\u00e4sas och rapporteras av respektive fastighets\u00e4gare tv\u00e5 g\u00e5nger per \u00e5r, 30 april samt 30 september.<br \/>\nRutinerna f\u00f6r hur det ska g\u00e5 till framg\u00e5r under fliken \u201dV\/A rutiner\u201d.<\/p>\n<p><strong>Sommarvatten (ing\u00e5r i GA3)<\/strong><\/p>\n<p>F\u00f6reningens djupborrade brunn och ledningssystem f\u00f6r sommarvatten \u00e4r dimensionerat f\u00f6r begr\u00e4nsad anv\u00e4ndning sommartid. F\u00f6reningen ansvarar f\u00f6r det gemensamma stamn\u00e4tet fram till respektive medlemsfastighet (ibland g\u00e5r stamledningarna \u00e4ven \u00f6ver enskilda tomter). Ledningar fr\u00e5n stamledning och tappkranar \u00e4r respektive fastighets\u00e4gares ansvar. Sommarvattnet \u00e4r normalt p\u00e5kopplat fr\u00e5n mitten av april till mitten av oktober. I och med att sommarvattnet har begr\u00e4nsad kapacitet ska anv\u00e4ndningen begr\u00e4nsas till tappning av hush\u00e5llsvatten fr\u00e5n kran utomhus samt rimlig bevattning. Det \u00e4r inte till\u00e5tet att dra in vatten i byggnader och\/eller koppla sommarvattnet till byggnaders ledningssystem med hush\u00e5llsmaskiner etc. Bevattning med vattenspridare \u00e4r inte till\u00e5ten. Det \u00e4r heller inte till\u00e5tet att fylla pooler med sommarvattnet. Vid behov kan styrelsen besluta om stopp f\u00f6r bevattning med sommarvattnet.<\/p>\n<p>Planerade datum f\u00f6r p\u00e5s\u00e4ttning och avst\u00e4ngning av sommarvatten mejlas ut och s\u00e4tts upp p\u00e5 anslagstavlorna. Observera att detta \u00e4r planerade datum och inte faktiska. S\u00e4rskilt meddelande mejlas ut och s\u00e4tts upp p\u00e5 anslagstavlorna efter det att vattnet faktiskt blivit p\u00e5satt respektive avst\u00e4ngt.<\/p>\n<p>F\u00f6r att undvika att kranar fryser s\u00f6nder b\u00f6r de vara \u00f6ppna under vintern. Observera dock att tappkranar p\u00e5 respektive fastighet <strong>m\u00e5ste vara st\u00e4ngda senast 1 april<\/strong>\u00a0i god tid f\u00f6re det att vattnet s\u00e4tts p\u00e5. Det \u00e4r respektive fastighets\u00e4gares ansvar att kranarna \u00f6ppnas och st\u00e4ngs enligt ovan.<\/p>\n<p>P\u00e5s\u00e4ttning och avst\u00e4ngning av sommarvatten g\u00f6rs av den person som utsetts som ansvarig av styrelsen. Se under &#8221;kontakta oss&#8221; p\u00e5 hemsidan och kontaktinformationen p\u00e5 anslagstavlorna.<\/p>\n<p><strong>V\u00e5ra v\u00e4gar och g\u00e5ngstigen (GA2)<\/strong><\/p>\n<p>Gemensamhetsanl\u00e4ggningen omfattar Ostra Hagv\u00e4gen och S\u00f6dra Hagv\u00e4gen samt g\u00e5ngstigen som f\u00f6rbinder dem.<\/p>\n<p><span style=\"text-decoration: underline;\"><em>Tung trafik<\/em><\/span><\/p>\n<p>Tung trafik medf\u00f6r onormalt slitage p\u00e5 v\u00e5ra v\u00e4gar. Innan byggnationer eller annat startas som medf\u00f6r att tunga transporter (bruttovikt \u00f6verstigande 4,5 ton f\u00f6r dragbil och sl\u00e4p tillsammans) kommer att k\u00f6ras p\u00e5 v\u00e5ra v\u00e4gar ska samr\u00e5d ske med och tillst\u00e5nd erh\u00e5llas fr\u00e5n den person som styrelsen utsett som ansvarig f\u00f6r arbetsutskottet. Se under \u201dKontakta oss\u201d i toppmenyn. Kontaktinformationen finns ocks\u00e5 uppsatt p\u00e5 anslagstavlorna och p\u00e5 pumphuset. Tunga transporter ska alltid undvikas under tj\u00e4llossningsperioden d\u00e5 v\u00e5ra v\u00e4gar \u00e4r s\u00e4rskilt\u00a0 k\u00e4nsliga.<\/p>\n<p>Vid den ordinarie f\u00f6reningsst\u00e4mman 2018 beslutades att en minimiavgift p\u00e5 4000 kr f\u00f6r v\u00e4gslitage ska betalas vid byggnationer st\u00f6rre \u00e4n 50 m2 Om faktisk kostnad f\u00f6r slitaget \u00f6verstiger 4000 kr ska \u00e4ven mellanskillnaden upp till faktisk kostnad betalas av byggherren.<\/p>\n<p><span style=\"text-decoration: underline;\"><em>K\u00f6rning med motorfordon i omr\u00e5det<\/em><\/span><\/p>\n<p>F\u00f6r allas s\u00e4kerhet och trevnad uppmanas att alltid k\u00f6ra sakta och f\u00f6rsiktigt inom omr\u00e5det samt att anv\u00e4nda den p\u00e5fartsv\u00e4g (av de tre som finns) som ligger n\u00e4rmast den egna fastigheten. Detta s\u00e5 att trafiken sprids s\u00e5 j\u00e4mt som m\u00f6jligt inom omr\u00e5det. Hastigheten p\u00e5 v\u00e5ra v\u00e4gar \u00e4r begr\u00e4nsad till\u00a0 20 km\/tim.<\/p>\n<p>Observera att man inte f\u00e5r k\u00f6ra med motorfordon p\u00e5 g\u00e5ngstigen.<\/p>\n<p><span style=\"text-decoration: underline;\"><em>Farthinder<\/em><\/span><\/p>\n<p>Unders sommarhalv\u00e5ret har vi farthinder p\u00e5 v\u00e5ra v\u00e4gar. B\u00e5de bloml\u00e5dor och gummigupp anv\u00e4nds.<\/p>\n<p>Alla farthinder placeras ut av arbetsutskottet och dessa f\u00e5r inte flyttas (g\u00e4ller \u00e4ven bloml\u00e5dorna). Om\u00a0 n\u00e5gon har synpunkter p\u00e5 farthindrens placering f\u00e5r man kontakta arbetsutskottet. Se kontaktinformationen.<\/p>\n<p>F\u00f6reningen erh\u00e5ller statligt v\u00e4gbidrag och det \u00e4r viktigt att det regelverk som finns f\u00f6r farthinders placering f\u00f6ljs. Annars kan f\u00f6reningen mista v\u00e4gbidraget.<\/p>\n<p><span style=\"text-decoration: underline;\"><em>Regler f\u00f6r fri sikt vid korsningar och utfarter<\/em><\/span><\/p>\n<p>Kommunens regler f\u00f6r fri sikt i korsningar och utfarter (t ex h\u00e4ckar och staket) g\u00e4ller i hela kommunen och d\u00e4rf\u00f6r \u00e4ven i Ostra Hage<\/p>\n<p>H\u00e4r kan du ladda ner de regler som g\u00e4ller i hela Eskilstuna kommun.<br \/>\n<a href=\"https:\/\/media1.ostrahage.se\/2020\/12\/image.png\">L\u00e4nk till PDF<\/a><\/p>\n<p><strong>Stamledningar f\u00f6r dagvatten (ing\u00e5r i GA3)<\/strong><\/p>\n<p>Det finns tv\u00e5 stamledningar f\u00f6r dagvatten i Ostra Hage.<\/p>\n<p>Den som har problem med dagvatten p\u00e5 sin fastighet och har en stamledning i n\u00e4rheten kan f\u00e5 tillst\u00e5nd av styrelsen att leda ner sitt dagvatten i stamledningen. Observera att vatten fr\u00e5n byggnaders tak inte f\u00e5r ledas ner i stamledningarna f\u00f6r dagvatten<\/p>\n<p>Vart stamledningarna g\u00e5r framg\u00e5r av lantm\u00e4terikartan f\u00f6r GA2-3. Se fliken kartor under denna <a href=\"https:\/\/www.ostrahage.se\/index.php\/kartor\/\">l\u00e4nk<\/a>.<\/p>\n<h3><strong>Lantm\u00e4terimyndighetens anl\u00e4ggningsbeslut f\u00f6r v\u00e5ra anl\u00e4ggningar<\/strong><\/h3>\n<p>(PDF Anl\u00e4ggningsbeslut) <a href=\"https:\/\/media1.ostrahage.se\/2018\/04\/Anl\u00e4ggningsbeslut-GA2_GA3_GA10_GA17_GA18.pdf\">Anl\u00e4ggningsbeslut GA2_GA3_GA10_GA17_GA18<\/a><\/p>\n","protected":false},"excerpt":{"rendered":"<p>F\u00f6reningens fyra gemensamhetsanl\u00e4ggningar \u00e4r: \u2013 GA2, V\u00e4gar och g\u00e5ngstig (Ostra Hagv\u00e4gen och S\u00f6dra Hagv\u00e4gen samt g\u00e5ngstigen som f\u00f6rbinder dem) \u2013 GA3, Gr\u00f6nomr\u00e5de, Sommarvatten \u00a0samt Stamledningar f\u00f6r dagvatten \u2013 GA10, Kommunalt vatten och avlopp \u2013 GA17, Kommunalt vatten och avlopp F\u00f6reningens&hellip;&nbsp;<a href=\"https:\/\/www.ostrahage.se\/index.php\/lantanlaggningar\/\" class=\"more-link\">Read More<\/a><\/p>\n","protected":false},"author":1,"featured_media":0,"parent":0,"menu_order":0,"comment_status":"closed","ping_status":"closed","template":"","meta":{"footnotes":""},"_links":{"self":[{"href":"https:\/\/www.ostrahage.se\/index.php\/wp-json\/wp\/v2\/pages\/384"}],"collection":[{"href":"https:\/\/www.ostrahage.se\/index.php\/wp-json\/wp\/v2\/pages"}],"about":[{"href":"https:\/\/www.ostrahage.se\/index.php\/wp-json\/wp\/v2\/types\/page"}],"author":[{"embeddable":true,"href":"https:\/\/www.ostrahage.se\/index.php\/wp-json\/wp\/v2\/users\/1"}],"replies":[{"embeddable":true,"href":"https:\/\/www.ostrahage.se\/index.php\/wp-json\/wp\/v2\/comments?post=384"}],"version-history":[{"count":86,"href":"https:\/\/www.ostrahage.se\/index.php\/wp-json\/wp\/v2\/pages\/384\/revisions"}],"predecessor-version":[{"id":3140,"href":"https:\/\/www.ostrahage.se\/index.php\/wp-json\/wp\/v2\/pages\/384\/revisions\/3140"}],"wp:attachment":[{"href":"https:\/\/www.ostrahage.se\/index.php\/wp-json\/wp\/v2\/media?parent=384"}],"curies":[{"name":"wp","href":"https:\/\/api.w.org\/{rel}","templated":true}]}}