{"id":480,"date":"2018-03-28T18:04:15","date_gmt":"2018-03-28T16:04:15","guid":{"rendered":"http:\/\/www.ostrahage.se\/?page_id=480"},"modified":"2026-03-26T20:59:39","modified_gmt":"2026-03-26T19:59:39","slug":"stammor","status":"publish","type":"page","link":"https:\/\/www.ostrahage.se\/index.php\/stammor\/","title":{"rendered":"St\u00e4mmor\u200b"},"content":{"rendered":"<p><strong style=\"font-size: inherit;\">Ordinarie f\u00f6reningsst\u00e4mma 2026<\/strong><\/p>\n<p>Ordinarie f\u00f6reningsst\u00e4mma kommer h\u00e5llas l\u00f6rdagen den 23 maj p\u00e5 gr\u00f6nomr\u00e5det. Prelimin\u00e4r starttid \u00e4r 13.30. Kallelse kommer att skickas ut i b\u00f6rjan av maj<\/p>\n<p><strong>F\u00f6reningsst\u00e4mman<\/strong><\/p>\n<p>F\u00f6reningens h\u00f6gsta beslutande organ \u00e4r F\u00f6reningsst\u00e4mman. Ordinarie f\u00f6reningsst\u00e4mma ska h\u00e5llas under maj m\u00e5nad varje \u00e5r. Kallelse till f\u00f6reningsst\u00e4mma sker via email till de som uppgivit email adress. De som inte gjort det kallas via fysiskt brev.<\/p>\n<p>Motioner fr\u00e5n medlemmar ska vara styrelsen tillhanda allra senast den sista april f\u00f6r att kunna behandlas p\u00e5 ordinarie f\u00f6reningsst\u00e4mma.<\/p>\n<p>Det \u00e4r f\u00f6reningsst\u00e4mman som fattar de stora och viktiga besluten, utser styrelse och revisorer, beslutar om ansvarsfrihet och utdebitering mm.<\/p>\n<p>Det \u00e4r viktigt att alla medlemmar kommer till f\u00f6reningsst\u00e4mman, dels f\u00f6r att f\u00e5 viktig information och f\u00f6r att kunna g\u00f6ra sin st\u00e4mma h\u00f6rd.<\/p>\n<blockquote>\n<p><strong>Fullmaktsf\u00f6rfarande<\/strong><\/p>\n<\/blockquote>\n<p>Om du inte har m\u00f6jlighet att sj\u00e4lv delta vid st\u00e4mma kan du l\u00e4mna fullmakt till annan person som kan f\u00f6retr\u00e4da dig. I s\u00e5 fall ska nedanst\u00e5ende blankett anv\u00e4ndas.<\/p>\n<p>(PDF) <a href=\"https:\/\/media1.ostrahage.se\/2022\/05\/220514-Fullmakt.pdf\">Fullmaktsblankett\u00a0<\/a><\/p>\n<p><strong>Observera i samband med ombudsf\u00f6rfarande<\/strong>. Ett ombud kan bara f\u00f6retr\u00e4da en fastighet. Fullmakt beh\u00f6vs \u00e4ven mellan makar om man har delat \u00e4gande. Medlem i samf\u00e4llighetsf\u00f6reningen kan genom fullmakt f\u00f6retr\u00e4da ytterligare en fastighet ut\u00f6ver den egna. Detta g\u00e4ller \u00e4ven om den egna fastigheten har delat \u00e4gande och man har fullmakt fr\u00e5n den andre del\u00e4garen.<br \/>F\u00f6r att underl\u00e4tta r\u00f6stningen p\u00e5 f\u00f6reningsst\u00e4mmorna fram\u00f6ver ser styrelsen g\u00e4rna att \u00e4garna till del\u00e4gda fastigheter ger varandra fullmakter som g\u00e4ller tills vidare.<br \/>Eventuella fullmakter skickas med f\u00f6rdel i god tid innan st\u00e4mman till f\u00f6reningens sekreterare Erik Ehrnholm, Ostra Hagv\u00e4gen 9, 63508 Eskilstuna.<\/p>\n<p><strong>Arkiv protokoll f\u00f6reningsst\u00e4mmor<\/strong><\/p>\n<p>(PDF) <a href=\"https:\/\/www.ostrahage.se\/wp-content\/uploads\/2025\/06\/Protokoll-foreningsstamma-2025-underskrivet-utan-namn-deblangd.pdf\">Protokoll f\u00f6reningsst\u00e4mma 2025<\/a><br \/>(PDF) <a href=\"https:\/\/www.ostrahage.se\/wp-content\/uploads\/2024\/05\/240518-Protokoll-foreningsstamma-underskrivet-exkl-namn-deblangd.pdf\">Protokoll f\u00f6reningsst\u00e4mma 2024<\/a><br \/>(PDF) <a href=\"https:\/\/www.ostrahage.se\/wp-content\/uploads\/2023\/06\/Protokoll-Foreningsstamma-Ostra-Hage-230527_underskrivet-inkl-bilagor.pdf\">Protokoll f\u00f6reningsst\u00e4mma 2023<\/a><br \/>(PDF) <a href=\"https:\/\/media1.ostrahage.se\/2022\/05\/220514-Protokoll-ordinarie-foreningsstamma.pdf\">Protokoll f\u00f6reningsst\u00e4mma 2022<\/a><br \/>(PDF <a href=\"https:\/\/media1.ostrahage.se\/2021\/09\/210918-Protokoll-extra-foreningsstamma_underskrivet-x.pdf\">Protokoll extra f\u00f6reningsst\u00e4mma 2021<\/a><br \/>(PDF <a href=\"https:\/\/media1.ostrahage.se\/2021\/05\/Protokoll-foreningsstamma-210515-underskrivet-exkl-deblangd.pdf\">Protokoll f\u00f6reningsst\u00e4mma 2021<\/a><br \/>(PDF) <a href=\"https:\/\/media1.ostrahage.se\/2020\/05\/200516-Protokoll-ordinarie-f\u00f6reningsst\u00e4mma-Ostra-Hage-Samf\u00e4llighetsf\u00f6rening-Underskrivet.pdf\">Protokoll f\u00f6reningsst\u00e4mma 2020<\/a><br \/>(PDF) <a href=\"https:\/\/media1.ostrahage.se\/2019\/04\/Protokoll-F\u00f6reningsst\u00e4mma-190316-underskrivet.pdf\">Protokoll f\u00f6reningsst\u00e4mma 2019<\/a><br \/>(PDF)\u00a0<a href=\"https:\/\/media1.ostrahage.se\/2019\/03\/Protokoll-Ordinarie-f\u00f6reningsst\u00e4mma-2018.pdf\">Protokoll f\u00f6reningsst\u00e4mma 2018<\/a><br \/>(PDF)\u00a0<a href=\"https:\/\/media1.ostrahage.se\/2019\/03\/170326-Protokoll-ordinarie-f\u00f6reningsst\u00e4mma.pdf\">Protokoll f\u00f6reningsst\u00e4mma 2017<\/a><br \/>(PDF)\u00a0<a href=\"https:\/\/media1.ostrahage.se\/2019\/03\/F\u00f6reningsst\u00e4mmoprotokoll-2016-underskrivet.pdf\">Protokoll f\u00f6reningsst\u00e4mma 2016<\/a><\/p>\n\n\n<p><\/p>\n","protected":false},"excerpt":{"rendered":"<p>Ordinarie f\u00f6reningsst\u00e4mma 2026 Ordinarie f\u00f6reningsst\u00e4mma kommer h\u00e5llas l\u00f6rdagen den 23 maj p\u00e5 gr\u00f6nomr\u00e5det. Prelimin\u00e4r starttid \u00e4r 13.30. Kallelse kommer att skickas ut i b\u00f6rjan av maj F\u00f6reningsst\u00e4mman F\u00f6reningens h\u00f6gsta beslutande organ \u00e4r F\u00f6reningsst\u00e4mman. Ordinarie f\u00f6reningsst\u00e4mma ska h\u00e5llas under maj m\u00e5nad&hellip;&nbsp;<a href=\"https:\/\/www.ostrahage.se\/index.php\/stammor\/\" class=\"more-link\">Read More<\/a><\/p>\n","protected":false},"author":1,"featured_media":0,"parent":0,"menu_order":0,"comment_status":"closed","ping_status":"closed","template":"","meta":{"footnotes":""},"_links":{"self":[{"href":"https:\/\/www.ostrahage.se\/index.php\/wp-json\/wp\/v2\/pages\/480"}],"collection":[{"href":"https:\/\/www.ostrahage.se\/index.php\/wp-json\/wp\/v2\/pages"}],"about":[{"href":"https:\/\/www.ostrahage.se\/index.php\/wp-json\/wp\/v2\/types\/page"}],"author":[{"embeddable":true,"href":"https:\/\/www.ostrahage.se\/index.php\/wp-json\/wp\/v2\/users\/1"}],"replies":[{"embeddable":true,"href":"https:\/\/www.ostrahage.se\/index.php\/wp-json\/wp\/v2\/comments?post=480"}],"version-history":[{"count":115,"href":"https:\/\/www.ostrahage.se\/index.php\/wp-json\/wp\/v2\/pages\/480\/revisions"}],"predecessor-version":[{"id":3252,"href":"https:\/\/www.ostrahage.se\/index.php\/wp-json\/wp\/v2\/pages\/480\/revisions\/3252"}],"wp:attachment":[{"href":"https:\/\/www.ostrahage.se\/index.php\/wp-json\/wp\/v2\/media?parent=480"}],"curies":[{"name":"wp","href":"https:\/\/api.w.org\/{rel}","templated":true}]}}